
Suppose -4*g + 3 = -m - 8, -2*g + 1 = -5*m. What are the prime factors of g?
3
Let p(b) = -b**2 + 34. Suppose i = c + 5, c + 15 = 4*c + 3*i. Let s be p(c). Suppose 1 = 5*z - s. What are the prime factors of z?
7
Let u be (0 - 4)*8/(-16). Suppose -u*l + 66 = 18. What are the prime factors of l?
2, 3
Let l(v) = 4*v - 44. List the prime factors of l(20).
2, 3
Let l = 7 + -4. Let q = 3 - l. List the prime factors of q + 7 - (-3)/3.
2
Suppose -2*z = 3*u - 146, z = -2*u + 63 + 36. What are the prime factors of u?
2, 13
Suppose -5*o + 3*j - 87 = -j, o = -4*j - 3. Let s be (-38)/(-3) + 10/o. List the prime factors of 2/(-4)*-1*s.
2, 3
Let r = -3 - -6. Suppose -d - 7*s = -4*s - 56, -9 = -r*s. What are the prime factors of 1/(d/(-16) + 3)?
2
Let p(g) = 6*g + 1. Let n(y) = -42*y - 6. Let s(t) = -2*n(t) - 15*p(t). List the prime factors of s(-2).
3
Let u = 2 - 1. Let i(d) = 30*d**3 + 2*d - 1. What are the prime factors of i(u)?
31
Let c(a) = -4*a. Let u be c(-1). Suppose 0 = -2*h - 3*m - 3, 27 = -0*h + u*h - 5*m. What are the prime factors of h?
3
Let n be 3 + 1 - (-1 + 3). Suppose -n*k = 1 + 21. Let d = -5 - k. What are the prime factors of d?
2, 3
Suppose 2*i = 192 + 14. What are the prime factors of i?
103
Suppose y + 17 = 132. Let n = -74 + y. Suppose -n = -3*w - 4*i, 5*i = 7 + 3. What are the prime factors of w?
11
Let a = -166 - -232. List the prime factors of a.
2, 3, 11
Let n = 254 - 14. List the prime factors of n.
2, 3, 5
Suppose 4*s + 0*s - 12 = 0. Suppose -4*f + 44 = -2*l, 2*l + 23 = s*f - 10. Suppose 4*m + 56 = 5*t, -2*t - 3*m = f - 38. List the prime factors of t.
2, 3
Suppose 7*a = 16*a - 612. What are the prime factors of a?
2, 17
Suppose 0 = -2*u + 3*u + 4*q + 4, 8 = -4*q. Suppose -u*p + 45 = p. List the prime factors of p.
3
Suppose 2*f + 1 = b, -f - 5 = -2*f - 5*b. Suppose 4*z = 5*g + 62, f*z + 3*g - 7 = -z. Let k = -5 + z. List the prime factors of k.
2
Let i be 12*(-1 - (-5)/3). Let o be i/28 + (-108)/(-14). What are the prime factors of ((-16)/(-6))/(o/12)?
2
Suppose -5 = -5*d - 0. What are the prime factors of (-3)/(d/(-1 + -2))?
3
Let d(m) = m**2 + 60. What are the prime factors of d(0)?
2, 3, 5
Let u = 387 - 235. List the prime factors of u.
2, 19
Let y(i) = 2*i**2 + 3*i - 1. Let r be y(-3). Suppose -5*p + 33 = r. List the prime factors of p.
5
Let y = -226 - -367. What are the prime factors of y?
3, 47
Let i(d) = 2*d + 3. Let v be i(4). Let g = v - 6. Suppose -4 = -g*x + 11. What are the prime factors of x?
3
Let n(x) = -x**2 + 11*x - 8. Let r be n(10). Suppose r*d = d + 4. What are the prime factors of d?
2
Let f = 91 - 36. What are the prime factors of f?
5, 11
List the prime factors of (-6)/(-9)*(-123)/(-2).
41
Let p = 83 + -72. What are the prime factors of p?
11
Suppose -3*v = 4*h - 8*v - 11, -2*v - 26 = -4*h. Let w(n) = n**3 - 7*n**2 - 12*n + 6. Let y be w(h). Suppose 0 = 4*d + d - y. What are the prime factors of d?
2, 3
Suppose -2*g = 3*g - s - 511, 5*g - 4*s = 499. What are the prime factors of g?
103
Let m be (-3)/5 - (-336)/35. Let y = 3 + m. List the prime factors of y.
2, 3
Suppose -c - 25 = -4*c - p, 4*c = p + 31. Let b = -2 + c. List the prime factors of b.
2, 3
Suppose -7*r = -5*r - 3*s - 157, -3*r = -2*s - 223. List the prime factors of r.
71
Let g(l) = l**3 + 6*l**2 - 14*l - 2. What are the prime factors of g(-6)?
2, 41
Let h be (6 + -3)/(3/4). Suppose 2*t = 2 + h. Suppose -t = a - 13. What are the prime factors of a?
2, 5
Let n(b) = -b**2 + 11*b + 1. Let u be 116/14 + 2/(-7). List the prime factors of n(u).
5
Let w = 576 - 328. What are the prime factors of w?
2, 31
What are the prime factors of 2460/40*2/3?
41
Let w = 3 + 1. Suppose -128 = -3*h - w*y, -5*y = -2*h + 58 + 12. Suppose -15 = -5*c + h. List the prime factors of c.
11
Let b(s) = 4*s**3 + 12*s**2 - 13*s + 7. Let r(o) = o**3 + 1. Let w(t) = -b(t) + 5*r(t). What are the prime factors of w(11)?
2, 5
Let y be (-35)/(-14)*(-12)/(-15). Suppose y*b - 63 = -11. List the prime factors of b.
2, 13
Let r(b) be the third derivative of 5*b**4/12 + 2*b**2. Let i be r(-1). List the prime factors of i/(-1)*2/4.
5
What are the prime factors of 29 - (-2 - (3 + -4))?
2, 3, 5
Suppose 0*s = s - 5*u - 40, 0 = 5*u + 10. List the prime factors of s.
2, 3, 5
Let f(k) = -k**3 - 9*k**2 - 10*k - 12. Let a be f(-8). Suppose -h - a*h + 65 = 0. What are the prime factors of h?
13
List the prime factors of 21/(-3)*-1*(-1 - -14).
7, 13
Suppose 4*p - 202 = 266. What are the prime factors of p?
3, 13
Suppose -g - g + 5 = 3*j, 3*g = 4*j - 35. What are the prime factors of j?
5
Let k = -10 + 14. Let p(y) = 2*y + 3. List the prime factors of p(k).
11
Suppose -i + 163 = i - 5*x, -4*x = -4. What are the prime factors of i?
2, 3, 7
Let q(p) = -2*p**3 - 4*p**2 - 4*p + 2. Suppose 4 = -s - 5*l + 1, 4*l + 9 = -3*s. What are the prime factors of q(s)?
2
Suppose -3*m - 389 = -5*c, -2*m + 3*m + 307 = 4*c. What are the prime factors of c?
2, 19
Suppose 0*n - 46 = -5*n + 3*m, -4*m = -12. What are the prime factors of n?
11
List the prime factors of 440/16*16/10.
2, 11
Let f be ((-5)/(-3) + -2)*-9. Let n be ((-50)/2)/(4/(-8)). Suppose t + 65 = l + f*l, 3*l = 2*t + n. List the prime factors of l.
2
Let f be (-1)/(-3*(-3)/18). Let h be f/(-6) - (-312)/9. Suppose -h = -9*k + 4*k. What are the prime factors of k?
7
Suppose 4*v = -4*z + 16, 3 = 2*v + 3*z - 3. Suppose -3*s - 3*c = -24, -6*s + 5*s + 4*c - 12 = 0. Suppose 26 - v = s*b. List the prime factors of b.
5
Suppose 2*s = 57 + 197. List the prime factors of s.
127
Suppose -2 + 14 = 4*g. Suppose g*y = -y. Suppose 8 = 4*f - y*f. List the prime factors of f.
2
Let n be (-3)/5 + (-2)/5. What are the prime factors of 3*(n + (-1 - -4))?
2, 3
Let k be (24/15)/(6/15). Suppose k*d - 17 = 43. List the prime factors of d.
3, 5
Let h(j) = 2*j + 2. Let x(b) = -b**2 + 5*b. Let p be x(4). List the prime factors of h(p).
2, 5
What are the prime factors of (279/(-124))/((1/(-1))/36)?
3
Let y = -7 - -8. Let v = y - -5. What are the prime factors of v?
2, 3
Let q(z) = -z**3 - 6*z**2 + 7*z + 2. Suppose 4*b = -16, -2*b + 3*b = -4*f - 32. List the prime factors of q(f).
2
Suppose -5*g - 1 = -41. Let n(w) = -w**3 + 8*w**2 + w + 10. List the prime factors of n(g).
2, 3
Let u be (-1)/(-3) + (-8)/(-3). Let f(p) = 3*p**2 + 4*p + 1. Let c be f(-2). Suppose 5*j + l - 34 = 0, u*j - 2*l = c + 18. List the prime factors of j.
7
Suppose 5*k - 373 = -3*f - 59, 0 = -2*k - 3*f + 122. Suppose -r - 3*r + k = 4*g, -32 = -4*g + 4*r. List the prime factors of g.
2, 3
Let u(i) = 24*i**2 - 2*i + 5. List the prime factors of u(-3).
227
Suppose 0 = 4*l + 4*v + 84, -5*l = -0*l - 2*v + 91. Let w = l - -21. List the prime factors of w.
2
Suppose -3*h - 4 + 41 = -4*z, 3*h - 55 = -5*z. Let g = 4 - -1. Let f = h - g. What are the prime factors of f?
2, 5
Let z(w) be the second derivative of w**4/12 + w**3 - w**2/2 + 8*w. List the prime factors of z(4).
3, 13
Let i(k) = k + 2. Let j be i(-3). Let a = 4 + j. What are the prime factors of a?
3
Let u(i) = -i - 6. Let y be u(-6). List the prime factors of -2*(-40)/(2 - y).
2, 5
Let f = 8 + 15. List the prime factors of f.
23
Let w be (24 + 0)*24/(-16). Let b = 61 + w. Let i = 44 - b. What are the prime factors of i?
19
Suppose 50 = -5*o - 35. Let v = -10 - o. List the prime factors of v.
7
Let h(q) = -q**3 - 5*q**2 - 4*q + 1. Let x be h(-4). Let i = x - -28. List the prime factors of i.
29
Suppose -5 = r + 4*n, 2*n + 19 = 2*r + 3*r. Suppose 0 = 2*a - 4*f - 12, 3*a - 4*a + 11 = r*f. List the prime factors of a.
2
Suppose 5*g + n - 70 = 0, g = -2*n + 15 + 8. What are the prime factors of g?
13
Suppose 4*q - 154 - 102 = 2*l, 5*l = -3*q + 218. What are the prime factors of q?
2, 3, 11
Suppose 0 = -3*q + 1 + 11. Suppose -q*s + 12 = 0, 0*v = v + 4*s - 13. Suppose 0 = -o + v + 7. What are the prime factors of o?
2
Suppose 61 = -o - 3*u - 47, 5*o - u = -556. Let p be o/((-3)/1) - 2. Suppose -2*a + p + 3 = 0. List the prime factors of a.
19
Let g = -12 + 12. Suppose 0 = -5*f - g*f + 120. What are the prime factors of f?
2, 3
Suppose 0 = -3*l + 163 - 22. List the prime factors of l.
47
Suppose -5*i = -20, 3*c - 2*i - 2*i + 10 = 0. List the prime factors of c.
2
Let t = -4 - 6. Let p be t/3 - 8/12. What are the prime factors of 30/p*4/(-3)?
2, 5
Let j be 4/14 